{"id":1806,"date":"2022-02-08T16:29:29","date_gmt":"2022-02-08T15:29:29","guid":{"rendered":"http:\/\/galants.nu\/?page_id=1806"},"modified":"2026-04-23T13:28:52","modified_gmt":"2026-04-23T11:28:52","slug":"hundar-till-salu","status":"publish","type":"page","link":"https:\/\/galants.nu\/?page_id=1806","title":{"rendered":"Hundar till salu"},"content":{"rendered":"\n<p>Valpar f\u00f6dda 12 mars-26<\/p>\n\n\n\n<p>Det finns 1 tref\u00e4rgad svart hane till f\u00f6rs\u00e4ljning<\/p>\n\n\n\n<figure class=\"wp-block-image size-large\"><a href=\"https:\/\/galants.nu\/wp-content\/uploads\/2026\/04\/oinqozW-.jpg\"><img loading=\"lazy\" decoding=\"async\" width=\"1024\" height=\"920\" src=\"https:\/\/galants.nu\/wp-content\/uploads\/2026\/04\/oinqozW--1024x920.jpg\" alt=\"\" class=\"wp-image-2126\" srcset=\"https:\/\/galants.nu\/wp-content\/uploads\/2026\/04\/oinqozW--1024x920.jpg 1024w, https:\/\/galants.nu\/wp-content\/uploads\/2026\/04\/oinqozW--300x270.jpg 300w, https:\/\/galants.nu\/wp-content\/uploads\/2026\/04\/oinqozW--768x690.jpg 768w, https:\/\/galants.nu\/wp-content\/uploads\/2026\/04\/oinqozW--1536x1380.jpg 1536w, https:\/\/galants.nu\/wp-content\/uploads\/2026\/04\/oinqozW-.jpg 2048w\" sizes=\"auto, (max-width: 1024px) 100vw, 1024px\" \/><\/a><\/figure>\n\n\n\n<figure class=\"wp-block-image size-large\"><a href=\"https:\/\/galants.nu\/wp-content\/uploads\/2026\/04\/PH7Gvg0R.jpg\"><img loading=\"lazy\" decoding=\"async\" width=\"768\" height=\"1024\" src=\"https:\/\/galants.nu\/wp-content\/uploads\/2026\/04\/PH7Gvg0R-768x1024.jpg\" alt=\"\" class=\"wp-image-2128\" srcset=\"https:\/\/galants.nu\/wp-content\/uploads\/2026\/04\/PH7Gvg0R-768x1024.jpg 768w, https:\/\/galants.nu\/wp-content\/uploads\/2026\/04\/PH7Gvg0R-225x300.jpg 225w, https:\/\/galants.nu\/wp-content\/uploads\/2026\/04\/PH7Gvg0R-1152x1536.jpg 1152w, https:\/\/galants.nu\/wp-content\/uploads\/2026\/04\/PH7Gvg0R.jpg 1536w\" sizes=\"auto, (max-width: 768px) 100vw, 768px\" \/><\/a><\/figure>\n","protected":false},"excerpt":{"rendered":"<p>Valpar f\u00f6dda 12 mars-26 Det finns 1 tref\u00e4rgad svart hane till f\u00f6rs\u00e4ljning<\/p>\n","protected":false},"author":1,"featured_media":0,"parent":0,"menu_order":40,"comment_status":"closed","ping_status":"closed","template":"onecolumn-page.php","meta":{"footnotes":""},"class_list":["post-1806","page","type-page","status-publish","hentry"],"_links":{"self":[{"href":"https:\/\/galants.nu\/index.php?rest_route=\/wp\/v2\/pages\/1806","targetHints":{"allow":["GET"]}}],"collection":[{"href":"https:\/\/galants.nu\/index.php?rest_route=\/wp\/v2\/pages"}],"about":[{"href":"https:\/\/galants.nu\/index.php?rest_route=\/wp\/v2\/types\/page"}],"author":[{"embeddable":true,"href":"https:\/\/galants.nu\/index.php?rest_route=\/wp\/v2\/users\/1"}],"replies":[{"embeddable":true,"href":"https:\/\/galants.nu\/index.php?rest_route=%2Fwp%2Fv2%2Fcomments&post=1806"}],"version-history":[{"count":16,"href":"https:\/\/galants.nu\/index.php?rest_route=\/wp\/v2\/pages\/1806\/revisions"}],"predecessor-version":[{"id":2132,"href":"https:\/\/galants.nu\/index.php?rest_route=\/wp\/v2\/pages\/1806\/revisions\/2132"}],"wp:attachment":[{"href":"https:\/\/galants.nu\/index.php?rest_route=%2Fwp%2Fv2%2Fmedia&parent=1806"}],"curies":[{"name":"wp","href":"https:\/\/api.w.org\/{rel}","templated":true}]}}